{"id":1327,"date":"2021-05-21T19:03:25","date_gmt":"2021-05-21T19:03:25","guid":{"rendered":"https:\/\/courses.lumenlearning.com\/suny-oneonta-spanish1-2-print-sp2021\/chapter\/why-it-matters-mente-sana-en-cuerpo-sano\/"},"modified":"2021-08-09T18:27:15","modified_gmt":"2021-08-09T18:27:15","slug":"why-it-matters-mente-sana-en-cuerpo-sano","status":"publish","type":"chapter","link":"https:\/\/courses.lumenlearning.com\/suny-oneonta-spanish1-2-print-sp2021\/chapter\/why-it-matters-mente-sana-en-cuerpo-sano\/","title":{"raw":"Why It Matters: Mente sana en cuerpo sano","rendered":"Why It Matters: Mente sana en cuerpo sano"},"content":{"raw":"In this module, we'll expand our range of reflexive verbs by looking at reflexives that describe emotions. One of these verbs is \"sentirse,\" to feel. Needless to say, there are plenty of songs about that! Here are a few:\r\n\r\n(Enlaces a videos est\u00e1n en el libro digital.)\r\n\r\nSharlene, Fuego - <strong>Me Siento Bien<\/strong>\r\nSharlene Taul\u00e9 Ponciano, better known as Sharlene, is a Dominican-American actress and singer and songwriter. Miguel \u00c1ngel Dur\u00e1n Jr., better known by his stage name Fuego, is an American singer and songwriter. (wikipedia entries for Sharlene and <a href=\"https:\/\/en.wikipedia.org\/wiki\/Fuego_(singer)\" target=\"_blank\" rel=\"noopener\">Fuego<\/a>)\r\n\r\nLa Lupe - <strong>Me Siento Guajira<\/strong>\r\nLupe Victoria Yol\u00ed Raymond, better known as La Lupe, was a Cuban singer of boleros, guarachas and Latin soul. (<a href=\"https:\/\/en.wikipedia.org\/wiki\/La_Lupe\" target=\"_blank\" rel=\"noopener\">wikipedia entry on La Lupe<\/a>) (Guajira is a style of Cuban music.)\r\n\r\nAMBRE - <strong>Me Siento Tan Moderno<\/strong>\r\nAMBRE is a progressive pop-rock band from Madrid.\r\n\r\nCubaneros - <strong>Y Me Siento Bien<\/strong>\r\nCubaneros is a Greek-Cuban musical partnership between Panos Panagopoulos, Anaisa Vega Castillo and Indhira Xiques.\r\n\r\nDaniel, Me Est\u00e1s Matando - <strong>\u00bfQu\u00e9 Se Siente Que Me Gustes Tanto?<\/strong>\r\nDaniel, me est\u00e1s matando is a Mexican Boleroglam duo, founded in Mexico City in 2018.\r\n\r\nAdanowsky (Adan Jodorowsky) - <strong>Me Siento Solo<\/strong>\r\nAd\u00e1n Jodorowsky or Adanowsky is a French-Mexican musician, director and actor. (<a href=\"https:\/\/en.wikipedia.org\/wiki\/Ad%C3%A1n_Jodorowsky\" target=\"_blank\" rel=\"noopener\">wikipedia entry on Adanowsky<\/a>)\r\n\r\n<hr \/>\r\n\r\nThis module also looks at the prepositions <em>por<\/em> and <em>para<\/em>. Here are two songs that use <em>por<\/em> and <em>para<\/em>:\r\n\r\nGepe - <strong>Por la Ventana<\/strong>\r\nDaniel Alejandro Riveros Sep\u00falveda (born September 28, 1981), known as Gepe, is a Chilean singer-songwriter. (<a href=\"https:\/\/en.wikipedia.org\/wiki\/Gepe\" target=\"_blank\" rel=\"noopener\">wikipedia entry on Gepe<\/a>)\r\n\r\nOscar D'Le\u00f3n - <strong>Para Chango<\/strong>\r\nOscar Emilio Le\u00f3n Somoza, known as Oscar D'Le\u00f3n, and affectionately called The Pharaoh of Salsa, The Lion of Salsa, and The Devil of Salsa, is a Venezuelan musician best known for his work with salsa music. (<a href=\"https:\/\/en.wikipedia.org\/wiki\/Oscar_D%27Le%C3%B3n\" target=\"_blank\" rel=\"noopener\">wikipedia entry on Oscar D'Le\u00f3n<\/a>)","rendered":"<p>In this module, we&#8217;ll expand our range of reflexive verbs by looking at reflexives that describe emotions. One of these verbs is &#8220;sentirse,&#8221; to feel. Needless to say, there are plenty of songs about that! Here are a few:<\/p>\n<p>(Enlaces a videos est\u00e1n en el libro digital.)<\/p>\n<p>Sharlene, Fuego &#8211; <strong>Me Siento Bien<\/strong><br \/>\nSharlene Taul\u00e9 Ponciano, better known as Sharlene, is a Dominican-American actress and singer and songwriter. Miguel \u00c1ngel Dur\u00e1n Jr., better known by his stage name Fuego, is an American singer and songwriter. (wikipedia entries for Sharlene and <a href=\"https:\/\/en.wikipedia.org\/wiki\/Fuego_(singer)\" target=\"_blank\" rel=\"noopener\">Fuego<\/a>)<\/p>\n<p>La Lupe &#8211; <strong>Me Siento Guajira<\/strong><br \/>\nLupe Victoria Yol\u00ed Raymond, better known as La Lupe, was a Cuban singer of boleros, guarachas and Latin soul. (<a href=\"https:\/\/en.wikipedia.org\/wiki\/La_Lupe\" target=\"_blank\" rel=\"noopener\">wikipedia entry on La Lupe<\/a>) (Guajira is a style of Cuban music.)<\/p>\n<p>AMBRE &#8211; <strong>Me Siento Tan Moderno<\/strong><br \/>\nAMBRE is a progressive pop-rock band from Madrid.<\/p>\n<p>Cubaneros &#8211; <strong>Y Me Siento Bien<\/strong><br \/>\nCubaneros is a Greek-Cuban musical partnership between Panos Panagopoulos, Anaisa Vega Castillo and Indhira Xiques.<\/p>\n<p>Daniel, Me Est\u00e1s Matando &#8211; <strong>\u00bfQu\u00e9 Se Siente Que Me Gustes Tanto?<\/strong><br \/>\nDaniel, me est\u00e1s matando is a Mexican Boleroglam duo, founded in Mexico City in 2018.<\/p>\n<p>Adanowsky (Adan Jodorowsky) &#8211; <strong>Me Siento Solo<\/strong><br \/>\nAd\u00e1n Jodorowsky or Adanowsky is a French-Mexican musician, director and actor. (<a href=\"https:\/\/en.wikipedia.org\/wiki\/Ad%C3%A1n_Jodorowsky\" target=\"_blank\" rel=\"noopener\">wikipedia entry on Adanowsky<\/a>)<\/p>\n<hr \/>\n<p>This module also looks at the prepositions <em>por<\/em> and <em>para<\/em>. Here are two songs that use <em>por<\/em> and <em>para<\/em>:<\/p>\n<p>Gepe &#8211; <strong>Por la Ventana<\/strong><br \/>\nDaniel Alejandro Riveros Sep\u00falveda (born September 28, 1981), known as Gepe, is a Chilean singer-songwriter. (<a href=\"https:\/\/en.wikipedia.org\/wiki\/Gepe\" target=\"_blank\" rel=\"noopener\">wikipedia entry on Gepe<\/a>)<\/p>\n<p>Oscar D&#8217;Le\u00f3n &#8211; <strong>Para Chango<\/strong><br \/>\nOscar Emilio Le\u00f3n Somoza, known as Oscar D&#8217;Le\u00f3n, and affectionately called The Pharaoh of Salsa, The Lion of Salsa, and The Devil of Salsa, is a Venezuelan musician best known for his work with salsa music. (<a href=\"https:\/\/en.wikipedia.org\/wiki\/Oscar_D%27Le%C3%B3n\" target=\"_blank\" rel=\"noopener\">wikipedia entry on Oscar D&#8217;Le\u00f3n<\/a>)<\/p>\n","protected":false},"author":85404,"menu_order":1,"template":"","meta":{"_candela_citation":"[]","CANDELA_OUTCOMES_GUID":"17c5792f-f3ea-4947-b551-6d4debc45dab","pb_show_title":"on","pb_short_title":"","pb_subtitle":"","pb_authors":[],"pb_section_license":""},"chapter-type":[],"contributor":[],"license":[],"class_list":["post-1327","chapter","type-chapter","status-publish","hentry"],"part":1326,"_links":{"self":[{"href":"https:\/\/courses.lumenlearning.com\/suny-oneonta-spanish1-2-print-sp2021\/wp-json\/pressbooks\/v2\/chapters\/1327","targetHints":{"allow":["GET"]}}],"collection":[{"href":"https:\/\/courses.lumenlearning.com\/suny-oneonta-spanish1-2-print-sp2021\/wp-json\/pressbooks\/v2\/chapters"}],"about":[{"href":"https:\/\/courses.lumenlearning.com\/suny-oneonta-spanish1-2-print-sp2021\/wp-json\/wp\/v2\/types\/chapter"}],"author":[{"embeddable":true,"href":"https:\/\/courses.lumenlearning.com\/suny-oneonta-spanish1-2-print-sp2021\/wp-json\/wp\/v2\/users\/85404"}],"version-history":[{"count":3,"href":"https:\/\/courses.lumenlearning.com\/suny-oneonta-spanish1-2-print-sp2021\/wp-json\/pressbooks\/v2\/chapters\/1327\/revisions"}],"predecessor-version":[{"id":1833,"href":"https:\/\/courses.lumenlearning.com\/suny-oneonta-spanish1-2-print-sp2021\/wp-json\/pressbooks\/v2\/chapters\/1327\/revisions\/1833"}],"part":[{"href":"https:\/\/courses.lumenlearning.com\/suny-oneonta-spanish1-2-print-sp2021\/wp-json\/pressbooks\/v2\/parts\/1326"}],"metadata":[{"href":"https:\/\/courses.lumenlearning.com\/suny-oneonta-spanish1-2-print-sp2021\/wp-json\/pressbooks\/v2\/chapters\/1327\/metadata\/"}],"wp:attachment":[{"href":"https:\/\/courses.lumenlearning.com\/suny-oneonta-spanish1-2-print-sp2021\/wp-json\/wp\/v2\/media?parent=1327"}],"wp:term":[{"taxonomy":"chapter-type","embeddable":true,"href":"https:\/\/courses.lumenlearning.com\/suny-oneonta-spanish1-2-print-sp2021\/wp-json\/pressbooks\/v2\/chapter-type?post=1327"},{"taxonomy":"contributor","embeddable":true,"href":"https:\/\/courses.lumenlearning.com\/suny-oneonta-spanish1-2-print-sp2021\/wp-json\/wp\/v2\/contributor?post=1327"},{"taxonomy":"license","embeddable":true,"href":"https:\/\/courses.lumenlearning.com\/suny-oneonta-spanish1-2-print-sp2021\/wp-json\/wp\/v2\/license?post=1327"}],"curies":[{"name":"wp","href":"https:\/\/api.w.org\/{rel}","templated":true}]}}

In this module, we'll expand our range of reflexive verbs by looking at reflexives that describe emotions. One of these verbs is "sentirse," to feel. Needless to say, there are plenty of songs about that! Here are a few:

(Enlaces a videos están en el libro digital.)

Sharlene, Fuego - <strong>Me Siento Bien</strong>
Sharlene Taulé Ponciano, better known as Sharlene, is a Dominican-American actress and singer and songwriter. Miguel Ángel Durán Jr., better known by his stage name Fuego, is an American singer and songwriter. (wikipedia entries for Sharlene and <a href="https://en.wikipedia.org/wiki/Fuego_(singer)" target="_blank" rel="noopener">Fuego</a>)

La Lupe - <strong>Me Siento Guajira</strong>
Lupe Victoria Yolí Raymond, better known as La Lupe, was a Cuban singer of boleros, guarachas and Latin soul. (<a href="https://en.wikipedia.org/wiki/La_Lupe" target="_blank" rel="noopener">wikipedia entry on La Lupe</a>) (Guajira is a style of Cuban music.)

AMBRE - <strong>Me Siento Tan Moderno</strong>
AMBRE is a progressive pop-rock band from Madrid.

Cubaneros - <strong>Y Me Siento Bien</strong>
Cubaneros is a Greek-Cuban musical partnership between Panos Panagopoulos, Anaisa Vega Castillo and Indhira Xiques.

Daniel, Me Estás Matando - <strong>¿Qué Se Siente Que Me Gustes Tanto?</strong>
Daniel, me estás matando is a Mexican Boleroglam duo, founded in Mexico City in 2018.

Adanowsky (Adan Jodorowsky) - <strong>Me Siento Solo</strong>
Adán Jodorowsky or Adanowsky is a French-Mexican musician, director and actor. (<a href="https://en.wikipedia.org/wiki/Ad%C3%A1n_Jodorowsky" target="_blank" rel="noopener">wikipedia entry on Adanowsky</a>)

<hr />

This module also looks at the prepositions <em>por</em> and <em>para</em>. Here are two songs that use <em>por</em> and <em>para</em>:

Gepe - <strong>Por la Ventana</strong>
Daniel Alejandro Riveros Sepúlveda (born September 28, 1981), known as Gepe, is a Chilean singer-songwriter. (<a href="https://en.wikipedia.org/wiki/Gepe" target="_blank" rel="noopener">wikipedia entry on Gepe</a>)

Oscar D'León - <strong>Para Chango</strong>
Oscar Emilio León Somoza, known as Oscar D'León, and affectionately called The Pharaoh of Salsa, The Lion of Salsa, and The Devil of Salsa, is a Venezuelan musician best known for his work with salsa music. (<a href="https://en.wikipedia.org/wiki/Oscar_D%27Le%C3%B3n" target="_blank" rel="noopener">wikipedia entry on Oscar D'León</a>)

<p>In this module, we&#8217;ll expand our range of reflexive verbs by looking at reflexives that describe emotions. One of these verbs is &#8220;sentirse,&#8221; to feel. Needless to say, there are plenty of songs about that! Here are a few:</p>
<p>(Enlaces a videos están en el libro digital.)</p>
<p>Sharlene, Fuego &#8211; <strong>Me Siento Bien</strong><br />
Sharlene Taulé Ponciano, better known as Sharlene, is a Dominican-American actress and singer and songwriter. Miguel Ángel Durán Jr., better known by his stage name Fuego, is an American singer and songwriter. (wikipedia entries for Sharlene and <a href="https://en.wikipedia.org/wiki/Fuego_(singer)" target="_blank" rel="noopener">Fuego</a>)</p>
<p>La Lupe &#8211; <strong>Me Siento Guajira</strong><br />
Lupe Victoria Yolí Raymond, better known as La Lupe, was a Cuban singer of boleros, guarachas and Latin soul. (<a href="https://en.wikipedia.org/wiki/La_Lupe" target="_blank" rel="noopener">wikipedia entry on La Lupe</a>) (Guajira is a style of Cuban music.)</p>
<p>AMBRE &#8211; <strong>Me Siento Tan Moderno</strong><br />
AMBRE is a progressive pop-rock band from Madrid.</p>
<p>Cubaneros &#8211; <strong>Y Me Siento Bien</strong><br />
Cubaneros is a Greek-Cuban musical partnership between Panos Panagopoulos, Anaisa Vega Castillo and Indhira Xiques.</p>
<p>Daniel, Me Estás Matando &#8211; <strong>¿Qué Se Siente Que Me Gustes Tanto?</strong><br />
Daniel, me estás matando is a Mexican Boleroglam duo, founded in Mexico City in 2018.</p>
<p>Adanowsky (Adan Jodorowsky) &#8211; <strong>Me Siento Solo</strong><br />
Adán Jodorowsky or Adanowsky is a French-Mexican musician, director and actor. (<a href="https://en.wikipedia.org/wiki/Ad%C3%A1n_Jodorowsky" target="_blank" rel="noopener">wikipedia entry on Adanowsky</a>)</p>
<hr />
<p>This module also looks at the prepositions <em>por</em> and <em>para</em>. Here are two songs that use <em>por</em> and <em>para</em>:</p>
<p>Gepe &#8211; <strong>Por la Ventana</strong><br />
Daniel Alejandro Riveros Sepúlveda (born September 28, 1981), known as Gepe, is a Chilean singer-songwriter. (<a href="https://en.wikipedia.org/wiki/Gepe" target="_blank" rel="noopener">wikipedia entry on Gepe</a>)</p>
<p>Oscar D&#8217;León &#8211; <strong>Para Chango</strong><br />
Oscar Emilio León Somoza, known as Oscar D&#8217;León, and affectionately called The Pharaoh of Salsa, The Lion of Salsa, and The Devil of Salsa, is a Venezuelan musician best known for his work with salsa music. (<a href="https://en.wikipedia.org/wiki/Oscar_D%27Le%C3%B3n" target="_blank" rel="noopener">wikipedia entry on Oscar D&#8217;León</a>)</p>
